{"id":128,"date":"2023-06-02T19:57:53","date_gmt":"2023-06-02T19:57:53","guid":{"rendered":"https:\/\/kidsschool.com.ar\/blog3\/?page_id=128"},"modified":"2023-06-02T20:06:46","modified_gmt":"2023-06-02T20:06:46","slug":"nivel-secundario","status":"publish","type":"page","link":"https:\/\/kidsschool.com.ar\/blog3\/nivel-secundario\/","title":{"rendered":"Nivel Secundario"},"content":{"rendered":"<p>Es nuestro prop\u00f3sito que nuestros alumnos egresados del <strong>Nivel Secundario<\/strong> se destaquen por su formaci\u00f3n acad\u00e9mica, como as\u00ed tambi\u00e9n por su formaci\u00f3n en valores. Para ello dise\u00f1amos un plan de estudios amplio en un ambiente que propicie la autonom\u00eda, la creatividad, el inter\u00e9s acad\u00e9mico, la curiosidad, el pensamiento cr\u00edtico y sus habilidades personales, fomentando la libertad de pensamiento.<\/p>\n<p>Luego de cursar el <strong>Ciclo B\u00e1sico<\/strong> formado por los tres primeros a\u00f1os del Nivel, ingresan a lo que denominamos <strong>Ciclo Orientado<\/strong>, donde las asignaturas que se cursan est\u00e1n abocadas a las siguientes modalidades, \u201cEconom\u00eda y Administraci\u00f3n\u201d o \u201cCiencias Naturales\u201d obteniendo al finalizar el Nivel Secundario el t\u00edtulo de \u201cBachiller en Economia y Administracion\u201d o \u201cBachiller en Ciencias Naturales\u201d.<\/p>\n<p>Los alumnos que tanto en el Ciclo B\u00e1sico como en el Ciclo Orientado cursen la <strong>modalidad biling\u00fce<\/strong>, el t\u00edtulo que obtendr\u00e1n finalizando el nivel ser\u00e1 el de \u201cBachiller en Econom\u00eda y Administraci\u00f3n-Educaci\u00f3n Biling\u00fce\u201d o \u201cBachiller en Ciencias Naturales \u2013 Educaci\u00f3n Biling\u00fce\u201d ambos con reconocimiento jurisdiccional por <strong>Resoluci\u00f3n del Ministerio de Educaci\u00f3n<\/strong>.<\/p>\n<p>Dentro del plan de estudios biling\u00fce, adem\u00e1s de las materias curriculares oficiales <strong><em>los alumnos desarrollar\u00e1n habilidades de Listening&amp;Speaking, Reading&amp;Writing, como as\u00ed tambi\u00e9n cursar\u00e1n Language, Literature, Science, History, Biology y Business&amp;Management<\/em><\/strong>, promoviendo de manera constante una formaci\u00f3n de calidad.<\/p>\n<p>Durante el trayecto del Nivel Secundario, los alumnos tienen la posibilidad de rendir Ex\u00e1menes Internacionales de la <strong>Universidad de Cambridge (KET-PET-FCE)<\/strong>.<\/p>\n","protected":false},"excerpt":{"rendered":"<p>Es nuestro prop\u00f3sito que nuestros alumnos egresados del Nivel Secundario se destaquen por su formaci\u00f3n acad\u00e9mica, como as\u00ed tambi\u00e9n por su formaci\u00f3n en valores. Para ello dise\u00f1amos un plan de estudios amplio en un ambiente que propicie la autonom\u00eda, la creatividad, el inter\u00e9s acad\u00e9mico, la curiosidad, el pensamiento cr\u00edtico y sus habilidades personales, fomentando la [&hellip;]<\/p>\n","protected":false},"author":2,"featured_media":0,"parent":0,"menu_order":0,"comment_status":"closed","ping_status":"closed","template":"","meta":{"footnotes":""},"class_list":["post-128","page","type-page","status-publish","hentry"],"_links":{"self":[{"href":"https:\/\/kidsschool.com.ar\/blog3\/wp-json\/wp\/v2\/pages\/128","targetHints":{"allow":["GET"]}}],"collection":[{"href":"https:\/\/kidsschool.com.ar\/blog3\/wp-json\/wp\/v2\/pages"}],"about":[{"href":"https:\/\/kidsschool.com.ar\/blog3\/wp-json\/wp\/v2\/types\/page"}],"author":[{"embeddable":true,"href":"https:\/\/kidsschool.com.ar\/blog3\/wp-json\/wp\/v2\/users\/2"}],"replies":[{"embeddable":true,"href":"https:\/\/kidsschool.com.ar\/blog3\/wp-json\/wp\/v2\/comments?post=128"}],"version-history":[{"count":4,"href":"https:\/\/kidsschool.com.ar\/blog3\/wp-json\/wp\/v2\/pages\/128\/revisions"}],"predecessor-version":[{"id":137,"href":"https:\/\/kidsschool.com.ar\/blog3\/wp-json\/wp\/v2\/pages\/128\/revisions\/137"}],"wp:attachment":[{"href":"https:\/\/kidsschool.com.ar\/blog3\/wp-json\/wp\/v2\/media?parent=128"}],"curies":[{"name":"wp","href":"https:\/\/api.w.org\/{rel}","templated":true}]}}